{"id":3865,"date":"2024-08-15T06:08:13","date_gmt":"2024-08-15T06:08:13","guid":{"rendered":"https:\/\/demo.awaikenthemes.com\/avenix\/?page_id=3865"},"modified":"2025-03-28T14:39:09","modified_gmt":"2025-03-28T13:39:09","slug":"ako-pomoct","status":"publish","type":"page","link":"https:\/\/www.v3ritas.sk\/index.php\/ako-pomoct\/","title":{"rendered":"Ako pom\u00f4c\u0165"},"content":{"rendered":"\t\t<div data-elementor-type=\"wp-page\" data-elementor-id=\"3865\" class=\"elementor elementor-3865\" data-elementor-post-type=\"page\">\n\t\t\t\t<div class=\"elementor-element elementor-element-d5cd24b e-flex e-con-boxed e-con e-parent\" data-id=\"d5cd24b\" data-element_type=\"container\" data-e-type=\"container\" data-settings=\"{&quot;background_background&quot;:&quot;classic&quot;}\">\n\t\t\t\t\t<div class=\"e-con-inner\">\n\t\t<div class=\"elementor-element elementor-element-4421aea e-con-full e-flex e-con e-child\" data-id=\"4421aea\" data-element_type=\"container\" data-e-type=\"container\">\n\t\t\t\t<div class=\"elementor-element elementor-element-61a675e at-heading-animation at-animation-heading-style-2 elementor-widget elementor-widget-heading\" data-id=\"61a675e\" data-element_type=\"widget\" data-e-type=\"widget\" data-settings=\"{&quot;ekit_we_effect_on&quot;:&quot;none&quot;}\" data-widget_type=\"heading.default\">\n\t\t\t\t<div class=\"elementor-widget-container\">\n\t\t\t\t\t<h1 class=\"elementor-heading-title elementor-size-default\">Ako pom\u00f4c\u0165<\/h1>\t\t\t\t<\/div>\n\t\t\t\t<\/div>\n\t\t\t\t<\/div>\n\t\t\t\t\t<\/div>\n\t\t\t\t<\/div>\n\t\t<div class=\"elementor-element elementor-element-a549724 e-flex e-con-boxed e-con e-parent\" data-id=\"a549724\" data-element_type=\"container\" data-e-type=\"container\" data-settings=\"{&quot;background_background&quot;:&quot;classic&quot;}\">\n\t\t\t\t\t<div class=\"e-con-inner\">\n\t\t<div class=\"elementor-element elementor-element-067c58e e-con-full e-flex e-con e-child\" data-id=\"067c58e\" data-element_type=\"container\" data-e-type=\"container\">\n\t\t<div class=\"elementor-element elementor-element-9228f8a e-con-full e-flex e-con e-child\" data-id=\"9228f8a\" data-element_type=\"container\" data-e-type=\"container\">\n\t\t\t\t<div class=\"elementor-element elementor-element-c303f35 at-heading-animation at-animation-heading-style-2 elementor-widget elementor-widget-heading\" data-id=\"c303f35\" data-element_type=\"widget\" data-e-type=\"widget\" data-settings=\"{&quot;ekit_we_effect_on&quot;:&quot;none&quot;}\" data-widget_type=\"heading.default\">\n\t\t\t\t<div class=\"elementor-widget-container\">\n\t\t\t\t\t<h2 class=\"elementor-heading-title elementor-size-default\">Mo\u017enosti <span>pomoci<\/span><\/h2>\t\t\t\t<\/div>\n\t\t\t\t<\/div>\n\t\t\t\t<div class=\"elementor-element elementor-element-706afbc core-value-faqs-accordion elementor-invisible elementor-widget elementor-widget-elementskit-accordion\" data-id=\"706afbc\" data-element_type=\"widget\" data-e-type=\"widget\" data-settings=\"{&quot;_animation&quot;:&quot;fadeInUp&quot;,&quot;ekit_we_effect_on&quot;:&quot;none&quot;}\" data-widget_type=\"elementskit-accordion.default\">\n\t\t\t\t<div class=\"elementor-widget-container\">\n\t\t\t\t\t<div class=\"ekit-wid-con\" >\n        <div class=\"elementskit-accordion accoedion-primary\" id=\"accordion-69d91c7104743\">\n\n            \n                <div class=\"elementskit-card active\">\n                    <div class=\"elementskit-card-header\" id=\"primaryHeading-0-706afbc\">\n                        <a href=\"#collapse-e3e872969d91c7104743\" class=\"ekit-accordion--toggler elementskit-btn-link collapsed\" data-ekit-toggle=\"collapse\" data-target=\"#Collapse-e3e872969d91c7104743\" aria-expanded=\"true\" aria-controls=\"Collapse-e3e872969d91c7104743\">\n                            \n                            <span class=\"ekit-accordion-title\">Finan\u010dn\u00e1 podpora<\/span>\n\n                            \n                                <div class=\"ekit_accordion_icon_group\">\n                                    <div class=\"ekit_accordion_normal_icon\">\n                                        <!-- Normal Icon -->\n\t\t\t\t\t\t\t\t\t\t<i class=\"fas fa-plus\"><\/i>                                    <\/div>\n\n                                    <div class=\"ekit_accordion_active_icon\">\n                                        <!-- Active Icon -->\n\t\t\t\t\t\t\t\t\t\t<i class=\"fas fa-minus\"><\/i>                                    <\/div>\n                                <\/div>\n\n                            \n                                                    <\/a>\n                    <\/div>\n\n                    <div id=\"Collapse-e3e872969d91c7104743\" class=\" show collapse\" aria-labelledby=\"primaryHeading-0-706afbc\" data-parent=\"#accordion-69d91c7104743\">\n\n                        <div class=\"elementskit-card-body ekit-accordion--content\">\n                            <p><span style=\"font-weight: 400\">Na\u0161e aktivity s\u00fa mo\u017en\u00e9 v\u010faka dobrovo\u013enej podpore ob\u010danov Slovenska. Ak\u00fdko\u013evek finan\u010dn\u00fd pr\u00edspevok n\u00e1m pom\u00e1ha pri realiz\u00e1cii na\u0161ich cie\u013eov. Ak m\u00e1te z\u00e1ujem podpori\u0165 konkr\u00e9tny projekt alebo dlhodob\u00fa iniciat\u00edvu, nev\u00e1hajte n\u00e1s kontaktova\u0165 so svoj\u00edm n\u00e1vrhom.<\/span><\/p>                        <\/div>\n\n                    <\/div>\n\n                <\/div><!-- .elementskit-card END -->\n\n                \n                <div class=\"elementskit-card active\">\n                    <div class=\"elementskit-card-header\" id=\"primaryHeading-1-706afbc\">\n                        <a href=\"#collapse-59b878e69d91c7104743\" class=\"ekit-accordion--toggler elementskit-btn-link collapsed\" data-ekit-toggle=\"collapse\" data-target=\"#Collapse-59b878e69d91c7104743\" aria-expanded=\"true\" aria-controls=\"Collapse-59b878e69d91c7104743\">\n                            \n                            <span class=\"ekit-accordion-title\">Spolupr\u00e1ca <\/span>\n\n                            \n                                <div class=\"ekit_accordion_icon_group\">\n                                    <div class=\"ekit_accordion_normal_icon\">\n                                        <!-- Normal Icon -->\n\t\t\t\t\t\t\t\t\t\t<i class=\"fas fa-plus\"><\/i>                                    <\/div>\n\n                                    <div class=\"ekit_accordion_active_icon\">\n                                        <!-- Active Icon -->\n\t\t\t\t\t\t\t\t\t\t<i class=\"fas fa-minus\"><\/i>                                    <\/div>\n                                <\/div>\n\n                            \n                                                    <\/a>\n                    <\/div>\n\n                    <div id=\"Collapse-59b878e69d91c7104743\" class=\" show collapse\" aria-labelledby=\"primaryHeading-1-706afbc\" data-parent=\"#accordion-69d91c7104743\">\n\n                        <div class=\"elementskit-card-body ekit-accordion--content\">\n                            <p><span style=\"font-weight: 400\">V\u00e1\u017eime si ka\u017ed\u00fa formu podpory a iniciat\u00edvu, ktor\u00e1 n\u00e1m pom\u00e1ha dosahova\u0165 na\u0161e ciele. Ak m\u00e1te z\u00e1ujem prispie\u0165 touto cestou, nev\u00e1hajte n\u00e1s kontaktova\u0165.<\/span><\/p>                        <\/div>\n\n                    <\/div>\n\n                <\/div><!-- .elementskit-card END -->\n\n                                        <\/div>\n    <\/div>\t\t\t\t<\/div>\n\t\t\t\t<\/div>\n\t\t\t\t<\/div>\n\t\t<div class=\"elementor-element elementor-element-19b81bf e-con-full e-flex e-con e-child\" data-id=\"19b81bf\" data-element_type=\"container\" data-e-type=\"container\">\n\t\t\t\t<div class=\"elementor-element elementor-element-b82a1ba core-value-slider  elementor-arrows-position-inside elementor-widget elementor-widget-image-carousel\" data-id=\"b82a1ba\" data-element_type=\"widget\" data-e-type=\"widget\" data-settings=\"{&quot;slides_to_show&quot;:&quot;1&quot;,&quot;navigation&quot;:&quot;arrows&quot;,&quot;autoplay&quot;:&quot;yes&quot;,&quot;pause_on_hover&quot;:&quot;yes&quot;,&quot;pause_on_interaction&quot;:&quot;yes&quot;,&quot;autoplay_speed&quot;:5000,&quot;infinite&quot;:&quot;yes&quot;,&quot;effect&quot;:&quot;slide&quot;,&quot;speed&quot;:500,&quot;ekit_we_effect_on&quot;:&quot;none&quot;}\" data-widget_type=\"image-carousel.default\">\n\t\t\t\t<div class=\"elementor-widget-container\">\n\t\t\t\t\t\t\t<div class=\"elementor-image-carousel-wrapper swiper\" role=\"region\" aria-roledescription=\"carousel\" aria-label=\"Obr\u00e1zkov\u00fd kot\u00fa\u010d\" dir=\"ltr\">\n\t\t\t<div class=\"elementor-image-carousel swiper-wrapper\" aria-live=\"off\">\n\t\t\t\t\t\t\t\t<div class=\"swiper-slide\" role=\"group\" aria-roledescription=\"slide\" aria-label=\"1 of 1\"><figure class=\"swiper-slide-inner\"><img decoding=\"async\" class=\"swiper-slide-image\" src=\"https:\/\/www.v3ritas.sk\/wp-content\/uploads\/2025\/03\/tourists-go-up-hill-sunrise.jpg\" alt=\"tourists-go-up-hill-sunrise\" \/><\/figure><\/div>\t\t\t<\/div>\n\t\t\t\t\t<\/div>\n\t\t\t\t\t\t<\/div>\n\t\t\t\t<\/div>\n\t\t\t\t<\/div>\n\t\t\t\t<\/div>\n\t\t\t\t\t<\/div>\n\t\t\t\t<\/div>\n\t\t\t\t<\/div>\n\t\t","protected":false},"excerpt":{"rendered":"<p>Ako pom\u00f4c\u0165 Mo\u017enosti pomoci Finan\u010dn\u00e1 podpora Na\u0161e aktivity s\u00fa mo\u017en\u00e9 v\u010faka dobrovo\u013enej [&hellip;]<\/p>\n","protected":false},"author":1,"featured_media":0,"parent":0,"menu_order":0,"comment_status":"closed","ping_status":"closed","template":"elementor_header_footer","meta":{"_acf_changed":false,"give_campaign_id":0,"footnotes":""},"class_list":["post-3865","page","type-page","status-publish","hentry"],"acf":[],"yoast_head":"<!-- This site is optimized with the Yoast SEO plugin v27.1.1 - https:\/\/yoast.com\/product\/yoast-seo-wordpress\/ -->\n<title>Ako pom\u00f4c\u0165 - Veritas<\/title>\n<meta name=\"robots\" content=\"index, follow, max-snippet:-1, max-image-preview:large, max-video-preview:-1\" \/>\n<link rel=\"canonical\" href=\"https:\/\/www.v3ritas.sk\/index.php\/ako-pomoct\/\" \/>\n<meta property=\"og:locale\" content=\"sk_SK\" \/>\n<meta property=\"og:type\" content=\"article\" \/>\n<meta property=\"og:title\" content=\"Ako pom\u00f4c\u0165 - Veritas\" \/>\n<meta property=\"og:description\" content=\"Ako pom\u00f4c\u0165 Mo\u017enosti pomoci Finan\u010dn\u00e1 podpora Na\u0161e aktivity s\u00fa mo\u017en\u00e9 v\u010faka dobrovo\u013enej [&hellip;]\" \/>\n<meta property=\"og:url\" content=\"https:\/\/www.v3ritas.sk\/index.php\/ako-pomoct\/\" \/>\n<meta property=\"og:site_name\" content=\"Veritas\" \/>\n<meta property=\"article:publisher\" content=\"https:\/\/www.facebook.com\/people\/Veritas\/61574619174755\/?mibextid=wwXIfr\" \/>\n<meta property=\"article:modified_time\" content=\"2025-03-28T13:39:09+00:00\" \/>\n<meta property=\"og:image\" content=\"https:\/\/www.v3ritas.sk\/wp-content\/uploads\/2025\/03\/tourists-go-up-hill-sunrise.jpg\" \/>\n<meta name=\"twitter:card\" content=\"summary_large_image\" \/>\n<script type=\"application\/ld+json\" class=\"yoast-schema-graph\">{\"@context\":\"https:\/\/schema.org\",\"@graph\":[{\"@type\":\"WebPage\",\"@id\":\"https:\/\/www.v3ritas.sk\/index.php\/ako-pomoct\/\",\"url\":\"https:\/\/www.v3ritas.sk\/index.php\/ako-pomoct\/\",\"name\":\"Ako pom\u00f4c\u0165 - Veritas\",\"isPartOf\":{\"@id\":\"https:\/\/www.v3ritas.sk\/#website\"},\"primaryImageOfPage\":{\"@id\":\"https:\/\/www.v3ritas.sk\/index.php\/ako-pomoct\/#primaryimage\"},\"image\":{\"@id\":\"https:\/\/www.v3ritas.sk\/index.php\/ako-pomoct\/#primaryimage\"},\"thumbnailUrl\":\"https:\/\/www.v3ritas.sk\/wp-content\/uploads\/2025\/03\/tourists-go-up-hill-sunrise.jpg\",\"datePublished\":\"2024-08-15T06:08:13+00:00\",\"dateModified\":\"2025-03-28T13:39:09+00:00\",\"breadcrumb\":{\"@id\":\"https:\/\/www.v3ritas.sk\/index.php\/ako-pomoct\/#breadcrumb\"},\"inLanguage\":\"sk-SK\",\"potentialAction\":[{\"@type\":\"ReadAction\",\"target\":[\"https:\/\/www.v3ritas.sk\/index.php\/ako-pomoct\/\"]}]},{\"@type\":\"ImageObject\",\"inLanguage\":\"sk-SK\",\"@id\":\"https:\/\/www.v3ritas.sk\/index.php\/ako-pomoct\/#primaryimage\",\"url\":\"https:\/\/www.v3ritas.sk\/wp-content\/uploads\/2025\/03\/tourists-go-up-hill-sunrise.jpg\",\"contentUrl\":\"https:\/\/www.v3ritas.sk\/wp-content\/uploads\/2025\/03\/tourists-go-up-hill-sunrise.jpg\",\"width\":2000,\"height\":1330},{\"@type\":\"BreadcrumbList\",\"@id\":\"https:\/\/www.v3ritas.sk\/index.php\/ako-pomoct\/#breadcrumb\",\"itemListElement\":[{\"@type\":\"ListItem\",\"position\":1,\"name\":\"Domovsk\u00e1 str\u00e1nka\",\"item\":\"https:\/\/www.v3ritas.sk\/\"},{\"@type\":\"ListItem\",\"position\":2,\"name\":\"Ako pom\u00f4c\u0165\"}]},{\"@type\":\"WebSite\",\"@id\":\"https:\/\/www.v3ritas.sk\/#website\",\"url\":\"https:\/\/www.v3ritas.sk\/\",\"name\":\"Veritas\",\"description\":\"H\u013ead\u00e1me odpovede v meniacom sa svete.\",\"publisher\":{\"@id\":\"https:\/\/www.v3ritas.sk\/#organization\"},\"potentialAction\":[{\"@type\":\"SearchAction\",\"target\":{\"@type\":\"EntryPoint\",\"urlTemplate\":\"https:\/\/www.v3ritas.sk\/?s={search_term_string}\"},\"query-input\":{\"@type\":\"PropertyValueSpecification\",\"valueRequired\":true,\"valueName\":\"search_term_string\"}}],\"inLanguage\":\"sk-SK\"},{\"@type\":\"Organization\",\"@id\":\"https:\/\/www.v3ritas.sk\/#organization\",\"name\":\"Veritas\",\"url\":\"https:\/\/www.v3ritas.sk\/\",\"logo\":{\"@type\":\"ImageObject\",\"inLanguage\":\"sk-SK\",\"@id\":\"https:\/\/www.v3ritas.sk\/#\/schema\/logo\/image\/\",\"url\":\"https:\/\/www.v3ritas.sk\/wp-content\/uploads\/2024\/08\/Artboard-1.png\",\"contentUrl\":\"https:\/\/www.v3ritas.sk\/wp-content\/uploads\/2024\/08\/Artboard-1.png\",\"width\":326,\"height\":96,\"caption\":\"Veritas\"},\"image\":{\"@id\":\"https:\/\/www.v3ritas.sk\/#\/schema\/logo\/image\/\"},\"sameAs\":[\"https:\/\/www.facebook.com\/people\/Veritas\/61574619174755\/?mibextid=wwXIfr\",\"https:\/\/t.me\/V3RITASsk\",\"http:\/\/www.linkedin.com\/company\/v3ritas\"]}]}<\/script>\n<!-- \/ Yoast SEO plugin. -->","yoast_head_json":{"title":"Ako pom\u00f4c\u0165 - Veritas","robots":{"index":"index","follow":"follow","max-snippet":"max-snippet:-1","max-image-preview":"max-image-preview:large","max-video-preview":"max-video-preview:-1"},"canonical":"https:\/\/www.v3ritas.sk\/index.php\/ako-pomoct\/","og_locale":"sk_SK","og_type":"article","og_title":"Ako pom\u00f4c\u0165 - Veritas","og_description":"Ako pom\u00f4c\u0165 Mo\u017enosti pomoci Finan\u010dn\u00e1 podpora Na\u0161e aktivity s\u00fa mo\u017en\u00e9 v\u010faka dobrovo\u013enej [&hellip;]","og_url":"https:\/\/www.v3ritas.sk\/index.php\/ako-pomoct\/","og_site_name":"Veritas","article_publisher":"https:\/\/www.facebook.com\/people\/Veritas\/61574619174755\/?mibextid=wwXIfr","article_modified_time":"2025-03-28T13:39:09+00:00","og_image":[{"url":"https:\/\/www.v3ritas.sk\/wp-content\/uploads\/2025\/03\/tourists-go-up-hill-sunrise.jpg","type":"","width":"","height":""}],"twitter_card":"summary_large_image","schema":{"@context":"https:\/\/schema.org","@graph":[{"@type":"WebPage","@id":"https:\/\/www.v3ritas.sk\/index.php\/ako-pomoct\/","url":"https:\/\/www.v3ritas.sk\/index.php\/ako-pomoct\/","name":"Ako pom\u00f4c\u0165 - Veritas","isPartOf":{"@id":"https:\/\/www.v3ritas.sk\/#website"},"primaryImageOfPage":{"@id":"https:\/\/www.v3ritas.sk\/index.php\/ako-pomoct\/#primaryimage"},"image":{"@id":"https:\/\/www.v3ritas.sk\/index.php\/ako-pomoct\/#primaryimage"},"thumbnailUrl":"https:\/\/www.v3ritas.sk\/wp-content\/uploads\/2025\/03\/tourists-go-up-hill-sunrise.jpg","datePublished":"2024-08-15T06:08:13+00:00","dateModified":"2025-03-28T13:39:09+00:00","breadcrumb":{"@id":"https:\/\/www.v3ritas.sk\/index.php\/ako-pomoct\/#breadcrumb"},"inLanguage":"sk-SK","potentialAction":[{"@type":"ReadAction","target":["https:\/\/www.v3ritas.sk\/index.php\/ako-pomoct\/"]}]},{"@type":"ImageObject","inLanguage":"sk-SK","@id":"https:\/\/www.v3ritas.sk\/index.php\/ako-pomoct\/#primaryimage","url":"https:\/\/www.v3ritas.sk\/wp-content\/uploads\/2025\/03\/tourists-go-up-hill-sunrise.jpg","contentUrl":"https:\/\/www.v3ritas.sk\/wp-content\/uploads\/2025\/03\/tourists-go-up-hill-sunrise.jpg","width":2000,"height":1330},{"@type":"BreadcrumbList","@id":"https:\/\/www.v3ritas.sk\/index.php\/ako-pomoct\/#breadcrumb","itemListElement":[{"@type":"ListItem","position":1,"name":"Domovsk\u00e1 str\u00e1nka","item":"https:\/\/www.v3ritas.sk\/"},{"@type":"ListItem","position":2,"name":"Ako pom\u00f4c\u0165"}]},{"@type":"WebSite","@id":"https:\/\/www.v3ritas.sk\/#website","url":"https:\/\/www.v3ritas.sk\/","name":"Veritas","description":"H\u013ead\u00e1me odpovede v meniacom sa svete.","publisher":{"@id":"https:\/\/www.v3ritas.sk\/#organization"},"potentialAction":[{"@type":"SearchAction","target":{"@type":"EntryPoint","urlTemplate":"https:\/\/www.v3ritas.sk\/?s={search_term_string}"},"query-input":{"@type":"PropertyValueSpecification","valueRequired":true,"valueName":"search_term_string"}}],"inLanguage":"sk-SK"},{"@type":"Organization","@id":"https:\/\/www.v3ritas.sk\/#organization","name":"Veritas","url":"https:\/\/www.v3ritas.sk\/","logo":{"@type":"ImageObject","inLanguage":"sk-SK","@id":"https:\/\/www.v3ritas.sk\/#\/schema\/logo\/image\/","url":"https:\/\/www.v3ritas.sk\/wp-content\/uploads\/2024\/08\/Artboard-1.png","contentUrl":"https:\/\/www.v3ritas.sk\/wp-content\/uploads\/2024\/08\/Artboard-1.png","width":326,"height":96,"caption":"Veritas"},"image":{"@id":"https:\/\/www.v3ritas.sk\/#\/schema\/logo\/image\/"},"sameAs":["https:\/\/www.facebook.com\/people\/Veritas\/61574619174755\/?mibextid=wwXIfr","https:\/\/t.me\/V3RITASsk","http:\/\/www.linkedin.com\/company\/v3ritas"]}]}},"campaignId":"","_links":{"self":[{"href":"https:\/\/www.v3ritas.sk\/index.php\/wp-json\/wp\/v2\/pages\/3865","targetHints":{"allow":["GET"]}}],"collection":[{"href":"https:\/\/www.v3ritas.sk\/index.php\/wp-json\/wp\/v2\/pages"}],"about":[{"href":"https:\/\/www.v3ritas.sk\/index.php\/wp-json\/wp\/v2\/types\/page"}],"author":[{"embeddable":true,"href":"https:\/\/www.v3ritas.sk\/index.php\/wp-json\/wp\/v2\/users\/1"}],"replies":[{"embeddable":true,"href":"https:\/\/www.v3ritas.sk\/index.php\/wp-json\/wp\/v2\/comments?post=3865"}],"version-history":[{"count":65,"href":"https:\/\/www.v3ritas.sk\/index.php\/wp-json\/wp\/v2\/pages\/3865\/revisions"}],"predecessor-version":[{"id":8103,"href":"https:\/\/www.v3ritas.sk\/index.php\/wp-json\/wp\/v2\/pages\/3865\/revisions\/8103"}],"wp:attachment":[{"href":"https:\/\/www.v3ritas.sk\/index.php\/wp-json\/wp\/v2\/media?parent=3865"}],"curies":[{"name":"wp","href":"https:\/\/api.w.org\/{rel}","templated":true}]}}